(8). Let w = 48 + x. Calculate the highest common factor of 32 and w.
16
Let a = 92 - -6. Calculate the greatest common divisor of 147 and a.
49
Suppose -4*m - 5*s + 225 = 0, -5*m = 3*s - 370 + 79. Let t be (-1 - 8 - -5)/2. Let i be 384/m*(-5)/t. What is the highest common divisor of 8 and i?
8
Let q(k) = 5*k**3 - k**2 - 10*k + 24. Let r be q(2). What is the greatest common factor of r and 8?
8
Let b(s) = -2*s**2 - 29*s - 1. Let h be b(-11). Calculate the greatest common divisor of h and 12.
4
Suppose -38 - 169 = -9*c. Calculate the greatest common divisor of 4968 and c.
23
Let i(y) = -y**2 + 37*y - 34. Let h be i(14). Let o be ((-1)/3)/((-6)/h). Calculate the highest common divisor of o and 8.
8
Suppose 0 = 5*j - a - 78, -4*a - 10 = -2*j + 14. Let k = -10 + j. Let v = -149 + 173. Calculate the highest common factor of k and v.
6
Suppose -16*v = -10*v. Suppose v = 4*y - 8*y + 52. Let m = 12 + 1. What is the highest common divisor of y and m?
13
Let z = 2 - 6. Let a be (-6)/z*112/21. Let m(v) = v**3 - 13*v**2 - 13*v - 6. Let c be m(14). What is the greatest common divisor of c and a?
8
Suppose -82 = -3*a - r, -5*a + 69 + 61 = 5*r. What is the greatest common divisor of 14 and a?
14
Let l be 8*-9 - (0/(-3) - -3). Let m = 263 + l. Calculate the highest common factor of m and 47.
47
Let i be 40096/336 - 2*(-2)/(-12). Suppose 0 = 2*q - 2, -q + 2*q - 36 = -5*j. Calculate the highest common divisor of i and j.
7
Let q(y) = -y - 9. Let s be q(-11). Suppose -s*g - 3*t = -19, -3*g + 2*t = -32 - 3. Calculate the highest common factor of g and 33.
11
Suppose -84 = 3*g - 5*d + 2*d, -3*g + 5*d = 76. Let m be (-4)/(g/52)*18. Calculate the greatest common factor of 13 and m.
13
Suppose 0 = -2*f - 3*t + 588, 2*f + 4*t - 551 - 33 = 0. What is the highest common divisor of 12 and f?
12
Suppose -2*r = -0*r + 4*b - 580, b = r - 278. Suppose 0 = 10*x - 178 - r. What is the highest common factor of x and 138?
46
Let r(d) = 8*d + 1. Let t be r(-1). Let y = 8 + t. What is the highest common divisor of 11 and y?
1
Suppose 0 = c - 2 - 3. Suppose -q - 15 - 58 = -4*b, 5*b = -c*q + 60. Let r be (35 - 1)*(-16)/(-4). Calculate the greatest common divisor of b and r.
17
Let b(p) = p**3 - p**2 + 4*p - 14. Let g be b(4). What is the highest common factor of 16 and g?
2
Let t = 89 - 21. Suppose 49 - 219 = -5*a. Calculate the highest common divisor of a and t.
34
Let p(u) = -7*u - 25. Let d be p(10). Let f = d + 137. Calculate the highest common divisor of f and 6.
6
Suppose 6368 = 24*j - 760. Calculate the greatest common factor of 11 and j.
11
Let n(j) = j**2 - 7*j + 17. Let w be n(12). Suppose -48 = -4*z - 2*o, 3*z + 0*o = 3*o + 27. What is the greatest common factor of w and z?
11
Let l be 72/42 + 2/7. Let i(j) = -2*j - 4*j**l - 4 + 6*j**2 - j**3 - 8*j**2. Let o be i(-6). Calculate the greatest common factor of 16 and o.
8
Let r = -5 - -8. Let j be (0 + -15)*(-1)/r. Suppose 8*y - 5*y - 15 = 0. Calculate the greatest common divisor of y and j.
5
Let w(n) = -4*n - 24. Let f be w(-6). Let o = f + 15. Calculate the highest common divisor of o and 45.
15
Let o = -243 + 248. What is the greatest common divisor of 85 and o?
5
Let n(l) = l**2 + 11*l + 13. Let r be n(-10). Let h = 21 - r. Calculate the highest common factor of 72 and h.
18
Let z(s) = 13*s - s**2 - 14 + 1 - 2. Let w be z(8). What is the greatest common factor of 15 and w?
5
Suppose 0 = -43*b + 48*b + 35240. Let g be b/(-36) + 4/18. Calculate the highest common factor of 28 and g.
28
Suppose -9*i + 4*i + 375 = 0. What is the greatest common factor of i and 35?
5
Let j = -13 + 117. What is the highest common divisor of j and 1040?
104
Let z(y) = -y**3 - 4*y**2 + 2*y + 2. Let f be z(-4). Let r(m) = m + 10. Let g be r(f). Suppose g - 8 = -a. Calculate the greatest common divisor of a and 4.
4
Let n(f) = 2*f**2 + 10*f + 12. Let o be n(-8). Suppose 0 = -0*v - 5*v + o. Calculate the highest common factor of 96 and v.
12
Suppose 0 = 7*d + d - 24. Let r be d/5 + 335/25. Calculate the highest common divisor of r and 35.
7
Let p be (2*-8)/2 + 0. Let a(l) = -l**2 + 7*l + 47. Let w be a(9). Let o = p + w. What is the greatest common factor of o and 3?
3
Let j(w) = -22*w + 1. Let z = -5 - -3. Let t be j(z). Let f be -5*(-3 + -6)*(-2)/(-6). What is the greatest common divisor of f and t?
15
Suppose 544 = 6*k - 128. Calculate the greatest common divisor of 96 and k.
16
Let p be 42*(-9 + 352/33). Calculate the highest common divisor of p and 658.
14
Let g = -12 + 28. Suppose 5*u = 3*h + 2*u - 33, -3*u + g = 4*h. What is the highest common divisor of 28 and h?
7
Let z(v) = v**2 - 9*v + 32. Let q be z(10). Calculate the highest common divisor of q and 6.
6
Let s(y) = 4*y**2 - 2*y - 11. Let j be s(-3). Calculate the greatest common factor of 155 and j.
31
Let v = -1425 - -1464. Let r be 3 - 4 - (-3 - 0). Suppose r*c = c + 351. What is the greatest common divisor of v and c?
39
Suppose w - 136 = -0*w + 4*k, -w - 3*k + 108 = 0. What is the greatest common factor of 96 and w?
24
Let j = -12 + 3. Let x(a) = a**2 + 7*a - 5. Let g be x(j). What is the greatest common factor of g and 39?
13
Suppose 0*o + 281 = 3*o - v, 5*o = v + 471. Calculate the highest common factor of 285 and o.
95
Suppose 4*s - 13 = 39. Suppose -4*p - q = -48, -2*q + s + 11 = 2*p. What is the greatest common factor of p and 60?
12
Let r be -1 + 1*67 + -1. Let a(z) = z**2 + z - 1. Let j be a(2). Suppose -j*x + 0*x = -65. What is the greatest common factor of r and x?
13
Let h = 35 + -29. Let w be (-16)/24*h/(-4). Suppose 4*r - y = 8, 0 = 5*r - 3*y - y - 21. Calculate the highest common factor of w and r.
1
Let q = -177 - -249. Calculate the greatest common factor of q and 48.
24
Let l be (22*(-1)/8)/(22/(-2728)). Suppose 0*z + 29 = q + 2*z, -5*q - 3*z = -152. Calculate the highest common factor of q and l.
31
Let s = -8 - -11. Suppose 8*r - s*r = 15. Calculate the highest common divisor of 3 and r.
3
Suppose -139*n = -185*n + 40020. What is the greatest common factor of 30 and n?
30
Let a = 88 - 34. Let d be 168/27 + (-6)/27 + 0. Calculate the greatest common divisor of a and d.
6
Let l = -137 + 87. Let s = l - -116. What is the highest common factor of s and 11?
11
Let q be -1*141*9/27. Let b = q + 50. What is the highest common divisor of 21 and b?
3
Let p be ((-90)/(-36))/(10/8). Let k be ((-630)/14)/((-3)/p). Calculate the highest common divisor of 12 and k.
6
Suppose 6*r + 146 = 446. Suppose 4*l = 2*v + 44, 5*l - l - r = -v. What is the greatest common divisor of l and 8?
4
Suppose -49 = -5*b + 1. Suppose -28*t + 34*t - 420 = 0. What is the greatest common factor of t and b?
10
Suppose 30*h - 2660 = -8*h. Let w(d) = d - 2. Let q be w(5). Suppose -5*m + 30 = 2*g + 2*g, 5*m - 20 = -q*g. Calculate the greatest common divisor of g and h.
10
Let u = -84 - -24. Let y be (-4)/30 - (-112)/u - -14. What is the highest common factor of 36 and y?
12
Let c(f) = f**3 - f**2 - 4*f. Let n be c(5). Let l(k) = -476*k + 3342. Let t be l(7). Calculate the highest common factor of t and n.
10
Let o be 104/10 - (-2)/(-5). Suppose -13649*r + 13661*r = 840. Calculate the highest common factor of o and r.
10
Let v be ((-540)/(-25))/(-3 - (-80)/25). Let s = 28 + -1. What is the greatest common factor of v and s?
27
Let s be -2 + (3 + 11 - 3). Let u be -1 + -1 - (s + -56). Suppose 2*r - 149 = -5*v - 53, -3*r = -3*v + u. Calculate the greatest common divisor of v and 27.
9
Let g = 22 - -4. Suppose 0 = -5*t + y + 74, -4*y + g = 2*t - 8. Let z = 13 + -7. What is the highest common factor of t and z?
3
Let g(a) = 4*a - 44. Let o be g(15). What is the greatest common divisor of 232 and o?
8
Suppose -25*a + 117 = -12*a. Let g = -164 - -263. Calculate the greatest common factor of g and a.
9
Let k(q) = -4*q + 103. Let i be k(-3). Calculate the greatest common factor of 23 and i.
23
Let y(x) = x**2 - 6*x + 361. Let c be y(36). Calculate the highest common divisor of c and 11.
11
Let h(c) = c**3 + 3*c**2 - 4*c - 6. Let l be h(-4). Let z be l/5*(-15)/6. Let w be (-6)/((-5)/(110/z)). What is the greatest common factor of w and 110?
22
Suppose -2*g - 12 + 3 = -i, 5*i - 30 = 5*g. Suppose i*z = -2*z + 80. Let a = -6 + z. What is the highest common divisor of 70 and a?
10
Let i = 19 - 6. Suppose -40*x = -